 (-6 + -4 - 0))?
1
2 + -2 + -2 + (-17 - -19) + -10
-10
What is 20 + -20 + (1 - 8)?
-7
Evaluate 25 + (6 - (22 + -5)).
14
Calculate -18 + 2 + (-1 + (7 - 3) - -2).
-11
Calculate -20 + (1 - 6) + (-15 - -26).
-14
Evaluate -18 - (-7 - (-19 + 5)) - (-3 + -2).
-20
Calculate 25 - (-10 - -18) - (3 - (-4 + 5)).
15
Evaluate -12 - (-5 - 4 - -5 - (6 - 4)).
-6
2 + -208 + 202 + (1 - (-5 - -1))
1
Evaluate 2 - 1 - (121 + -123).
3
What is the value of 11 - (-8 - (-9 - 9))?
1
What is -2 + -17 - (-1 + -1 - (2 + 3))?
-12
What is (11 - 5 - 1) + 1 - -11?
17
Calculate 5 + -20 + 17 + (12 - 0).
14
What is the value of -63 + 78 + (-41 - 4)?
-30
63 + -39 + -26 - (-5 + 0 + 0)
3
What is 34 + (9 - -10) + -35?
18
What is the value of (40 - (54 + -2)) + (-2 - (1 - 1))?
-14
Calculate -29 + -17 + 40 - (-1 + -8).
3
Calculate (-13 - (-1 + -22)) + -16 + -11.
-17
What is the value of 19 + -12 - 13 - 0?
-6
What is the value of -8 + -6 + (9 - -12)?
7
Evaluate -2 - ((2 - 2) + -10) - 13.
-5
-9 + 0 - -4 - -5
0
(21 - (-1 + 1)) + -31 + 25
15
-3 - -6 - 7 - (1 - 10 - 0)
5
(-26 - -9) + (-8 - (-3 + 1)) + 11
-12
What is the value of 1 + 14 + -23 + 0?
-8
What is (-1 - ((-3 - -5) + 3)) + 17?
11
What is (29 - (0 - (3 - 15))) + -1?
16
0 - (-4 + -5 + 6 - -1) - -2
4
(23 + -14 - (4 - -3)) + 1 + -3
0
Evaluate 24 - (-19 - (-7 - 17)).
19
What is (31 + -27 - (0 - 1 - 1)) + 7?
13
Evaluate -18 + 0 - 4 - (-16 + (-11 - -18)).
-13
What is 5 + (1 - 0) - (7 - 14)?
13
Calculate 12 + -1 - 0 - 4.
7
0 - (-7 - ((-5 - -1) + 6 + -3))
6
What is the value of -22 + 18 + -12 + 10 + -10?
-16
Calculate -5 - (-14 + 12 - 5).
2
Evaluate (-5 + 5 - -2) + (35 - 20).
17
Evaluate (-50 - -47) + (0 - 7).
-10
Evaluate 12 - (18 - 14 - 0).
8
What is the value of 3 - -4 - (19 + (-8 - (-1 + 2)))?
-3
Evaluate (1 - -13) + -4 + 4 + -3 + -10.
1
What is 0 - (65 - (-14 + 29) - 15)?
-35
What is 3 + 2 + -39 - (-113 - -105)?
-26
Evaluate -4 + 0 - ((-6 - -16) + -10 + 1).
-5
What is the value of (4 - -7) + (-9 - (-2 + -5))?
9
Calculate (-60 - (-1 - 4 - 1)) + 7 + 11.
-36
What is the value of -9 + 3 - 1 - (-6 + 12 - 8)?
-5
Evaluate 7 - (9 - (-8 - -1)) - -6.
-3
-10 - (-2 + (-3 - -12))
-17
Calculate 0 + 15 + (-148 - -129) + -8 + -5.
-17
30 - (-2 - (-20 - (-9 + (4 - 2))))
19
Evaluate (7 - -7) + 30 + -43.
1
What is 1 - (-1 - 0 - ((5 - -3) + -3))?
7
Evaluate (31 - 0) + (-1403 - -1379).
7
What is the value of -15 - (1 + -4 + 3 + 5 + -3)?
-17
Calculate 1 - -17 - (0 - (-6 + 6 - 7)).
11
What is -116 + 60 + 65 - ((13 - 1) + 0)?
-3
Evaluate 5 - (3 - (14 + -16)).
0
Evaluate 5 + -4 + -2 + -2 - (-2 + -10).
9
Calculate 45 + -23 + -16 - 24.
-18
What is the value of -1 - 11 - -19 - 17?
-10
Evaluate -2 - (-21 + (-7 - -22)).
4
What is -32 - (-34 + 18) - (3 + -6)?
-13
What is the value of -13 - (-30 + (8 + -18 - -16))?
11
Evaluate (29 - 32 - (2 - -4)) + 10 + -2.
-1
What is -38 + 10 + 29 - -6?
7
Calculate -3 + 4 + (2 + -5 - 0) + 1.
-1
Evaluate (-4 + 7 - (-13 - (10 + -22))) + 0.
4
(27 + -15 - (18 - 8)) + (0 - 6)
-4
What is 1 + -8 + 24 + -21?
-4
What is the value of -11 - (-8 - ((12 - 6) + -11))?
-8
Calculate (-1 - 4) + -14 + 33.
14
What is 6 - (-23 + 11 + -16)?
34
Evaluate 25 + -6 + -16 + (-15 - 0).
-12
Calculate -2 + 25 + (-396 - -384).
11
What is the value of (-8 - -7) + (-68 - -64 - (-3 + 0))?
-2
What is the value of -2 + 8 - (1 + -4 - (-4 - -7))?
12
What is 11 - (5 + -10) - (38 + 4)?
-26
What is 2 - (-1 + 4 + -1 + -70 + 60)?
10
-1 - (18 - (19 + -18 + 16))
-2
Evaluate -5 - -1 - (-3 - 3 - -8 - -3).
-9
What is the value of -7 - ((-2 + 3 - 7) + -3 + 8)?
-6
Calculate 24 - 71 - (-65 + 26).
-8
What is 3 + 0 + -43 + (-430 - -438)?
-32
Evaluate (186 - 170) + -23 + -2.
-9
Evaluate -13 - (3 - 14 - (-54 + 67)).
11
What is the value of -25 + 11 + (-2 - 9) + -4 + -1?
-30
13 + -19 - -14 - 5
3
What is 6 + (-18 - -29) + -8 + 8 + 0?
17
What is -1 + (1 - (-3 + 5)) + 151 + -153?
-4
Calculate (21 + -2 - 14) + 4.
9
Evaluate (9 + 6 - -1) + -5.
11
(868 - 893) + (12 + -1 - 0)
-14
-7 + (32 + -39 - (1 + -9))
-6
What is the value of 2 + 0 - (-3 - (5 - (-1 - 5)))?
16
What is the value of -16 + 17 + -3 - -6?
4
What is -2 - -7 - (-72 + 78)?
-1
What is 35 + 5 + -22 - 28?
-10
What is the value of (-21 - (-6 - 4)) + 26 + 3?
18
Calculate (0 - 7) + -79 + 92.
6
-14 + (2 - (4 + 4)) + 2 + 5
-13
What is -23 - (-48 + 44) - (1 + 0)?
-20
-8 - (16 - 32 - -13 - 4)
-1
(37 - 2) + (748 - 816)
-33
Evaluate 1 + -2 + (-46 - -53) - -12.
18
What is -4 - 1 - (-10 - (10 + 4 - 12))?
7
What is the value of 512 - 518 - (0 - 28)?
22
Calculate 1 + -12 + -5 + (-1 - 7).
-24
Evaluate (14 - 14 - 1) + (0 - 10).
-11
8 + 2 + -50 + 53 - (5 + 1)
7
What is 15 - (19 - 7 - 9)?
12
Evaluate (-1432 - -1420) + (-21 - 1).
-34
Evaluate -9 - 7 - -19 - -13.
16
What is the value of -3 - 9 - (-18 - 1 - -12)?
-5
What is 23 + -11 + (-33 - -8)?
-13
Evaluate 3 + 6 - (0 + 5).
4
What is 28 + 0 + (20 - (-4 - -35))?
17
What is the value of -22 - (-4 - 16 - -12)?
-14
What is 1 + 5 + -3 - 4 - (4 + -1)?
-4
Calculate (-285 - -288) + (10 - 1) + 2.
14
What is 2 + 5 - (1 - -48 - (1 + 19))?
-22
What is the value of (-1 - -11) + (-18 - -13) + 0 + -9?
-4
What is 52 + -45 - (-4 - -20)?
-9
Calculate -3 + (-10 - (6 - 11)) + 13.
5
Calculate 4 + 4 + 15 + -16 - (5 + 14).
-12
What is the value of -1 + 1 - (-11 + 61 + -42)?
-8
What is the value of -1 + -15 + 90 + -80 + 0?
-6
What is the value of (1 - -10) + (-41 - -25) - (-6 - 0)?
1
What is -2 - (1 + 13 + -28 - -8)?
4
Calculate (-10 - -12) + -17 + 2.
-13
What is the value of (-15 - (-12 - (1 + -7)) - -23) + -1?
13
Evaluate -56 + 58 + (0 - 5) + -1 + 1.
-3
Evaluate -449 - -419 - (-9 - (-2 - (-3 - -2))).
-22
(0 - (-7 - -3)) + (-1 - -3 - 2)
4
What is 1 - -11 - 24 - -7?
-5
What is the value of 24 + (-22 - 0) - (-1 + 3 + -4)?
4
0 + 5 - (13 + (-2 - -3) + 2)
-11
Evaluate -15 + 16 + (15 - 9).
7
Evaluate 13 + (0 - (2 - 0)) + 8 + -7.
12
What is the value of 8 + 1 + 14 + -1 + -49?
-27
(13 - (1 + -10)) + -12
10
Calculate -7 + (7 + 4 - 5).
-1
(-3 + -5 - -10) + -3 + -2
-3
-3 + (-6 - (-2 - 10))
3
Evaluate 27 - ((20 - 42) + 29).
20
What is the value of -2 - (3 - 0) - (-54 - (14 + -32))?
31
-5 - (-1 - -26) - -17
-13
Calculate -7 - 1 - (36 + (11 - 52)).
-3
(22 - -7 - 32) + -7
-10
Evaluate 41 - (4 - (2 + -16)).
23
What is the value of (-41 - (11 - -5 - 11 - 12)) + 3?
-31
(-1 + 8 - (1 + 13)) + -2 + -3
-12
What is the value of 6 + (16 - 10) + -37?
-25
35 - (-7 + -5 - (14 + -39))
22
What is (-35 - (-27 + 25)) + 2 + 3 + -2?
-30
What is the value of 0 + 0 + -9 + 19 - 8?
2
Evaluate 17 - (15 + (-11 - -21)).
-8
Calculate (-46 - -52 - (3 + -16)) + 1 + 3.
23
What is the value of -6 + 19 + 10 + -17?
6
5 + -13 + 10 + 19 - -12
33
What is the value of 2 + -3 + (7 - 4 - 4)?
-2
Calculate -43 - ((4 - -17) + -37).
-27
2 + (-8 + 3 + 1 - -1)
-1
Calculate -16 + (-4 + -1 - -10).
-11
What is the value of 15 - 8 - ((27 - 3) + 5 + -9)?
-13
What is the value of (1 - 2) + (178 - 197) - 9?
-29
What is the value of 17 - (15 + -45 - -35)?
12
Evaluate -13 - -13 - (-58 - -55).
3
Calculate 266 + -289 - (5 + 9).
-37
What is the value of -19 - ((17 - 73) + 27)?
10
Calculate -7 + -3 + -54 + 59 + -1 + 19.
13
What is 9 - (2 + -1) - (217 + -221)?
12
(-22 - -13) + -16 + 21
-4
What is -15 + (-41 - -8) + 20?
-28
-8 + (10 - -4) - 3 - -11
14
What is the value of -18 + 14 + 2 + -3 - -1?
-4
(8 - 0) + 2 - (12 - 11)
9
Calculate -12 + 2 + 17 + (-1 - (-1 + 1)).
6
What is -16 + 22 + 26 - 12?
20
What is the value of 13 + -11 + (-11 - (6 - 28))?
13
(-13 - 12 - -20 - (1 - 11)) + 1
6
-23 - (7 - (66 + -45))
-9
What is (-3 - -1) + (43 - 28) + (4 - 17)?
0
What is -16 - -17 - (-27 + (-6 + 9 - -2))?
23
(6 - 12) + (-12 + 38 - -5) - 9
16
(34 - 27) + (-1 + -10 - 3) + 20
13
Calculate (-10 - ((4 - 15) + 1)) + -11.
-11
Evaluate 22 - (3 - (-15 - -10)).
14
Evaluate -1 - 40 - -18 - -48.
25
What is the value of 19 + -21 - 18 - 7?
-27
Evaluate -14 - (5 + 31 + -73).
23
What is the value of -18 + (18 - 7) - (3 + -10 + 2)?
-2
-29 - (-3 + (-6 - 5))
-15
Evaluate (-1 - (6 - 0 - (11 + 0))) + -2.
2
26 - (43 + 20 + 1)
-38
-4 - -4 - -10 - (116 - 108)
2
-2 - -3 - (3 + -1) - (-369 - -358)
10
Calculate 15 - -4 - (83 + -49).
-15
Calculate 4 - (15 + (5 - 17)) - (-7 - 0).
8
What is 0 - (2 - (-7 + (10 - 7)))?
-6
Calculate (-19 - -4) + 20 - 18.
-13
7 + -2 + -12 - (1 - (-1 - -16))
7
Evaluate (-2 + 1 - 1) + -7 + (42 - 26).
7
What